{"id":882,"date":"2026-01-08T18:52:49","date_gmt":"2026-01-08T18:52:49","guid":{"rendered":"https:\/\/dclleather.com\/?post_type=product&#038;p=882"},"modified":"2026-01-08T20:29:20","modified_gmt":"2026-01-08T20:29:20","slug":"boss-bs7000-varyator-filtresi-zontes-250-te","status":"publish","type":"product","link":"https:\/\/dclleather.com\/index.php\/product\/boss-bs7000-varyator-filtresi-zontes-250-te\/","title":{"rendered":"BOSS BS7000 VARYAT\u00d6R F\u0130LTRES\u0130 Zontes 250-TE"},"content":{"rendered":"","protected":false},"excerpt":{"rendered":"","protected":false},"featured_media":883,"template":"","meta":[],"product_brand":[],"product_cat":[74,34],"product_tag":[],"class_list":{"0":"post-882","1":"product","2":"type-product","3":"status-publish","4":"has-post-thumbnail","6":"product_cat-hava-filtresi","7":"product_cat-yedek-parca","9":"first","10":"instock","11":"shipping-taxable","12":"purchasable","13":"product-type-simple"},"_links":{"self":[{"href":"https:\/\/dclleather.com\/index.php\/wp-json\/wp\/v2\/product\/882","targetHints":{"allow":["GET"]}}],"collection":[{"href":"https:\/\/dclleather.com\/index.php\/wp-json\/wp\/v2\/product"}],"about":[{"href":"https:\/\/dclleather.com\/index.php\/wp-json\/wp\/v2\/types\/product"}],"wp:featuredmedia":[{"embeddable":true,"href":"https:\/\/dclleather.com\/index.php\/wp-json\/wp\/v2\/media\/883"}],"wp:attachment":[{"href":"https:\/\/dclleather.com\/index.php\/wp-json\/wp\/v2\/media?parent=882"}],"wp:term":[{"taxonomy":"product_brand","embeddable":true,"href":"https:\/\/dclleather.com\/index.php\/wp-json\/wp\/v2\/product_brand?post=882"},{"taxonomy":"product_cat","embeddable":true,"href":"https:\/\/dclleather.com\/index.php\/wp-json\/wp\/v2\/product_cat?post=882"},{"taxonomy":"product_tag","embeddable":true,"href":"https:\/\/dclleather.com\/index.php\/wp-json\/wp\/v2\/product_tag?post=882"}],"curies":[{"name":"wp","href":"https:\/\/api.w.org\/{rel}","templated":true}]}}