{"id":811,"date":"2025-12-05T23:38:11","date_gmt":"2025-12-05T23:38:11","guid":{"rendered":"https:\/\/dclleather.com\/?post_type=product&#038;p=811"},"modified":"2025-12-07T11:35:47","modified_gmt":"2025-12-07T11:35:47","slug":"bs155-bajaj-pulsar-dominar-ktm-duke-adventure-rc-polaris-outlaw-husquvarna-yag-filtresi-boss","status":"publish","type":"product","link":"https:\/\/dclleather.com\/index.php\/product\/bs155-bajaj-pulsar-dominar-ktm-duke-adventure-rc-polaris-outlaw-husquvarna-yag-filtresi-boss\/","title":{"rendered":"BS155 BAJAJ PULSAR DOM\u0130NAR KTM DUKE ADVENTURE RC POLAR\u0130S OUTLAW HUSQUVARNA YA\u011e F\u0130LTRES\u0130 (BOSS)"},"content":{"rendered":"<h3>Uyumlu Ara\u00e7lar<\/h3>\n<div class=\"table-responsive\">\n<table class=\"compatibility-table\">\n<thead>\n<tr>\n<th>Marka<\/th>\n<th>Model<\/th>\n<th>Motor Hacmi<\/th>\n<th>Y\u0131l<\/th>\n<\/tr>\n<\/thead>\n<tbody>\n<tr>\n<td>Bajaj<\/td>\n<td>PULSAR NS<\/td>\n<td>200 CC<\/td>\n<td>2014-2024<\/td>\n<\/tr>\n<tr>\n<td>Bajaj<\/td>\n<td>PULSAR RS<\/td>\n<td>200 CC<\/td>\n<td>2014-2024<\/td>\n<\/tr>\n<tr>\n<td>Bajaj<\/td>\n<td>PULSAR F<\/td>\n<td>250 CC<\/td>\n<td>2022-2024<\/td>\n<\/tr>\n<tr>\n<td>Bajaj<\/td>\n<td>PULSAR N<\/td>\n<td>250 CC<\/td>\n<td>2022-2024<\/td>\n<\/tr>\n<tr>\n<td>Bajaj<\/td>\n<td>DOMINAR<\/td>\n<td>400 CC<\/td>\n<td>2013-2023<\/td>\n<\/tr>\n<tr>\n<td>Bajaj<\/td>\n<td>DOMINAR UG<\/td>\n<td>400 CC<\/td>\n<td>2017-2021<\/td>\n<\/tr>\n<tr>\n<td>Husquvarna<\/td>\n<td>SVARTPILEN<\/td>\n<td>250 CC<\/td>\n<td>2020-2023<\/td>\n<\/tr>\n<tr>\n<td>Husquvarna<\/td>\n<td>SVARTPILEN<\/td>\n<td>401 CC<\/td>\n<td>2019-2023<\/td>\n<\/tr>\n<tr>\n<td>Husquvarna<\/td>\n<td>ENDURO<\/td>\n<td>701 CC<\/td>\n<td>2016-2023<\/td>\n<\/tr>\n<tr>\n<td>Husquvarna<\/td>\n<td>SUPERMOTO ABS<\/td>\n<td>701 CC<\/td>\n<td>2016-2022<\/td>\n<\/tr>\n<tr>\n<td>KTM<\/td>\n<td>DUKE<\/td>\n<td>125 CC<\/td>\n<td>2011-2024<\/td>\n<\/tr>\n<tr>\n<td>KTM<\/td>\n<td>RC<\/td>\n<td>125 CC<\/td>\n<td>2011-2024<\/td>\n<\/tr>\n<tr>\n<td>KTM<\/td>\n<td>DUKE<\/td>\n<td>200 CC<\/td>\n<td>2012-2024<\/td>\n<\/tr>\n<tr>\n<td>KTM<\/td>\n<td>RC<\/td>\n<td>200 CC<\/td>\n<td>2012-2024<\/td>\n<\/tr>\n<tr>\n<td>KTM<\/td>\n<td>ADVENTURE<\/td>\n<td>250 CC<\/td>\n<td>2021-2024<\/td>\n<\/tr>\n<tr>\n<td>KTM<\/td>\n<td>DUKE<\/td>\n<td>250 CC<\/td>\n<td>2011-2024<\/td>\n<\/tr>\n<tr>\n<td>KTM<\/td>\n<td>RC<\/td>\n<td>250 CC<\/td>\n<td>2011-2024<\/td>\n<\/tr>\n<tr>\n<td>KTM<\/td>\n<td>ADVENTURE<\/td>\n<td>390 CC<\/td>\n<td>2021-2024<\/td>\n<\/tr>\n<tr>\n<td>KTM<\/td>\n<td>DUKE<\/td>\n<td>390 CC<\/td>\n<td>2011-2024<\/td>\n<\/tr>\n<tr>\n<td>KTM<\/td>\n<td>RC<\/td>\n<td>390 CC<\/td>\n<td>2011-2024<\/td>\n<\/tr>\n<tr>\n<td>KTM<\/td>\n<td>EXC F<\/td>\n<td>450 CC<\/td>\n<td>2003-2016<\/td>\n<\/tr>\n<tr>\n<td>KTM<\/td>\n<td>LC4 ENDURO \/ ADVENTURE<\/td>\n<td>640 CC<\/td>\n<td>1999-2007<\/td>\n<\/tr>\n<tr>\n<td>KTM<\/td>\n<td>DUKE \/ R<\/td>\n<td>690 CC<\/td>\n<td>2008-2024<\/td>\n<\/tr>\n<tr>\n<td>KTM<\/td>\n<td>ENDURO R<\/td>\n<td>690 CC<\/td>\n<td>2008-2024<\/td>\n<\/tr>\n<tr>\n<td>KTM<\/td>\n<td>SMC \/ R \/ ABS<\/td>\n<td>690 CC<\/td>\n<td>2008-2024<\/td>\n<\/tr>\n<tr>\n<td>Polaris<\/td>\n<td>OUTLAW MXR<\/td>\n<td>450 CC<\/td>\n<td>2008-2009<\/td>\n<\/tr>\n<tr>\n<td>Polaris<\/td>\n<td>OUTLAW S<\/td>\n<td>450 CC<\/td>\n<td>2008-2009<\/td>\n<\/tr>\n<tr>\n<td>Polaris<\/td>\n<td>OUTLAW<\/td>\n<td>525 CC<\/td>\n<td>2007-2011<\/td>\n<\/tr>\n<tr>\n<td>Bajaj<\/td>\n<td>PULSAR NS<\/td>\n<td>200 CC<\/td>\n<td>2014-2024<\/td>\n<\/tr>\n<tr>\n<td>Bajaj<\/td>\n<td>PULSAR RS<\/td>\n<td>200 CC<\/td>\n<td>2014-2024<\/td>\n<\/tr>\n<tr>\n<td>Bajaj<\/td>\n<td>PULSAR F<\/td>\n<td>250 CC<\/td>\n<td>2022-2024<\/td>\n<\/tr>\n<tr>\n<td>Bajaj<\/td>\n<td>PULSAR N<\/td>\n<td>250 CC<\/td>\n<td>2022-2024<\/td>\n<\/tr>\n<tr>\n<td>Bajaj<\/td>\n<td>DOMINAR<\/td>\n<td>400 CC<\/td>\n<td>2013-2023<\/td>\n<\/tr>\n<tr>\n<td>Bajaj<\/td>\n<td>DOMINAR UG<\/td>\n<td>400 CC<\/td>\n<td>2017-2021<\/td>\n<\/tr>\n<tr>\n<td>Husquvarna<\/td>\n<td>SVARTPILEN<\/td>\n<td>250 CC<\/td>\n<td>2020-2023<\/td>\n<\/tr>\n<tr>\n<td>Husquvarna<\/td>\n<td>SVARTPILEN<\/td>\n<td>401 CC<\/td>\n<td>2019-2023<\/td>\n<\/tr>\n<tr>\n<td>Husquvarna<\/td>\n<td>ENDURO<\/td>\n<td>701 CC<\/td>\n<td>2016-2023<\/td>\n<\/tr>\n<tr>\n<td>Husquvarna<\/td>\n<td>SUPERMOTO ABS<\/td>\n<td>701 CC<\/td>\n<td>2016-2022<\/td>\n<\/tr>\n<tr>\n<td>KTM<\/td>\n<td>DUKE<\/td>\n<td>125 CC<\/td>\n<td>2011-2024<\/td>\n<\/tr>\n<tr>\n<td>KTM<\/td>\n<td>RC<\/td>\n<td>125 CC<\/td>\n<td>2011-2024<\/td>\n<\/tr>\n<tr>\n<td>KTM<\/td>\n<td>DUKE<\/td>\n<td>200 CC<\/td>\n<td>2012-2024<\/td>\n<\/tr>\n<tr>\n<td>KTM<\/td>\n<td>RC<\/td>\n<td>200 CC<\/td>\n<td>2012-2024<\/td>\n<\/tr>\n<tr>\n<td>KTM<\/td>\n<td>ADVENTURE<\/td>\n<td>250 CC<\/td>\n<td>2021-2024<\/td>\n<\/tr>\n<tr>\n<td>KTM<\/td>\n<td>DUKE<\/td>\n<td>250 CC<\/td>\n<td>2011-2024<\/td>\n<\/tr>\n<tr>\n<td>KTM<\/td>\n<td>RC<\/td>\n<td>250 CC<\/td>\n<td>2011-2024<\/td>\n<\/tr>\n<tr>\n<td>KTM<\/td>\n<td>ADVENTURE<\/td>\n<td>390 CC<\/td>\n<td>2021-2024<\/td>\n<\/tr>\n<tr>\n<td>KTM<\/td>\n<td>DUKE<\/td>\n<td>390 CC<\/td>\n<td>2011-2024<\/td>\n<\/tr>\n<tr>\n<td>KTM<\/td>\n<td>RC<\/td>\n<td>390 CC<\/td>\n<td>2011-2024<\/td>\n<\/tr>\n<tr>\n<td>KTM<\/td>\n<td>EXC F<\/td>\n<td>450 CC<\/td>\n<td>2003-2016<\/td>\n<\/tr>\n<tr>\n<td>KTM<\/td>\n<td>LC4 ENDURO \/ ADVENTURE<\/td>\n<td>640 CC<\/td>\n<td>1999-2007<\/td>\n<\/tr>\n<tr>\n<td>KTM<\/td>\n<td>DUKE \/ R<\/td>\n<td>690 CC<\/td>\n<td>2008-2024<\/td>\n<\/tr>\n<tr>\n<td>KTM<\/td>\n<td>ENDURO R<\/td>\n<td>690 CC<\/td>\n<td>2008-2024<\/td>\n<\/tr>\n<tr>\n<td>KTM<\/td>\n<td>SMC \/ R \/ ABS<\/td>\n<td>690 CC<\/td>\n<td>2008-2024<\/td>\n<\/tr>\n<tr>\n<td>Polaris<\/td>\n<td>OUTLAW MXR<\/td>\n<td>450 CC<\/td>\n<td>2008-2009<\/td>\n<\/tr>\n<tr>\n<td>Polaris<\/td>\n<td>OUTLAW S<\/td>\n<td>450 CC<\/td>\n<td>2008-2009<\/td>\n<\/tr>\n<tr>\n<td>Polaris<\/td>\n<td>OUTLAW<\/td>\n<td>525 CC<\/td>\n<td>2007-2011<\/td>\n<\/tr>\n<tr>\n<td>Bajaj<\/td>\n<td>PULSAR NS<\/td>\n<td>200 CC<\/td>\n<td>2014-2024<\/td>\n<\/tr>\n<tr>\n<td>Bajaj<\/td>\n<td>PULSAR RS<\/td>\n<td>200 CC<\/td>\n<td>2014-2024<\/td>\n<\/tr>\n<tr>\n<td>Bajaj<\/td>\n<td>PULSAR F<\/td>\n<td>250 CC<\/td>\n<td>2022-2024<\/td>\n<\/tr>\n<tr>\n<td>Bajaj<\/td>\n<td>PULSAR N<\/td>\n<td>250 CC<\/td>\n<td>2022-2024<\/td>\n<\/tr>\n<tr>\n<td>Bajaj<\/td>\n<td>DOMINAR<\/td>\n<td>400 CC<\/td>\n<td>2013-2023<\/td>\n<\/tr>\n<tr>\n<td>Bajaj<\/td>\n<td>DOMINAR UG<\/td>\n<td>400 CC<\/td>\n<td>2017-2021<\/td>\n<\/tr>\n<tr>\n<td>Husquvarna<\/td>\n<td>SVARTPILEN<\/td>\n<td>250 CC<\/td>\n<td>2020-2023<\/td>\n<\/tr>\n<tr>\n<td>Husquvarna<\/td>\n<td>SVARTPILEN<\/td>\n<td>401 CC<\/td>\n<td>2019-2023<\/td>\n<\/tr>\n<tr>\n<td>Husquvarna<\/td>\n<td>ENDURO<\/td>\n<td>701 CC<\/td>\n<td>2016-2023<\/td>\n<\/tr>\n<tr>\n<td>Husquvarna<\/td>\n<td>SUPERMOTO ABS<\/td>\n<td>701 CC<\/td>\n<td>2016-2022<\/td>\n<\/tr>\n<tr>\n<td>KTM<\/td>\n<td>DUKE<\/td>\n<td>125 CC<\/td>\n<td>2011-2024<\/td>\n<\/tr>\n<tr>\n<td>KTM<\/td>\n<td>RC<\/td>\n<td>125 CC<\/td>\n<td>2011-2024<\/td>\n<\/tr>\n<tr>\n<td>KTM<\/td>\n<td>DUKE<\/td>\n<td>200 CC<\/td>\n<td>2012-2024<\/td>\n<\/tr>\n<tr>\n<td>KTM<\/td>\n<td>RC<\/td>\n<td>200 CC<\/td>\n<td>2012-2024<\/td>\n<\/tr>\n<tr>\n<td>KTM<\/td>\n<td>ADVENTURE<\/td>\n<td>250 CC<\/td>\n<td>2021-2024<\/td>\n<\/tr>\n<tr>\n<td>KTM<\/td>\n<td>DUKE<\/td>\n<td>250 CC<\/td>\n<td>2011-2024<\/td>\n<\/tr>\n<tr>\n<td>KTM<\/td>\n<td>RC<\/td>\n<td>250 CC<\/td>\n<td>2011-2024<\/td>\n<\/tr>\n<tr>\n<td>KTM<\/td>\n<td>ADVENTURE<\/td>\n<td>390 CC<\/td>\n<td>2021-2024<\/td>\n<\/tr>\n<tr>\n<td>KTM<\/td>\n<td>DUKE<\/td>\n<td>390 CC<\/td>\n<td>2011-2024<\/td>\n<\/tr>\n<tr>\n<td>KTM<\/td>\n<td>RC<\/td>\n<td>390 CC<\/td>\n<td>2011-2024<\/td>\n<\/tr>\n<tr>\n<td>KTM<\/td>\n<td>EXC F<\/td>\n<td>450 CC<\/td>\n<td>2003-2016<\/td>\n<\/tr>\n<tr>\n<td>KTM<\/td>\n<td>LC4 ENDURO \/ ADVENTURE<\/td>\n<td>640 CC<\/td>\n<td>1999-2007<\/td>\n<\/tr>\n<tr>\n<td>KTM<\/td>\n<td>DUKE \/ R<\/td>\n<td>690 CC<\/td>\n<td>2008-2024<\/td>\n<\/tr>\n<tr>\n<td>KTM<\/td>\n<td>ENDURO R<\/td>\n<td>690 CC<\/td>\n<td>2008-2024<\/td>\n<\/tr>\n<tr>\n<td>KTM<\/td>\n<td>SMC \/ R \/ ABS<\/td>\n<td>690 CC<\/td>\n<td>2008-2024<\/td>\n<\/tr>\n<tr>\n<td>Polaris<\/td>\n<td>OUTLAW MXR<\/td>\n<td>450 CC<\/td>\n<td>2008-2009<\/td>\n<\/tr>\n<tr>\n<td>Polaris<\/td>\n<td>OUTLAW S<\/td>\n<td>450 CC<\/td>\n<td>2008-2009<\/td>\n<\/tr>\n<tr>\n<td>Polaris<\/td>\n<td>OUTLAW<\/td>\n<td>525 CC<\/td>\n<td>2007-2011<\/td>\n<\/tr>\n<tr>\n<td>Bajaj<\/td>\n<td>PULSAR<\/td>\n<td>200 CC<\/td>\n<td>2015-2024<\/td>\n<\/tr>\n<\/tbody>\n<\/table>\n<\/div>\n","protected":false},"excerpt":{"rendered":"<p>Uyumlu Ara\u00e7lar Marka Model Motor Hacmi Y\u0131l Bajaj PULSAR NS 200 CC 2014-2024 Bajaj PULSAR RS 200 CC 2014-2024 Bajaj PULSAR F 250 CC 2022-2024 Bajaj PULSAR N 250 CC 2022-2024 Bajaj DOMINAR 400 CC 2013-2023 Bajaj DOMINAR UG 400 CC 2017-2021 Husquvarna SVARTPILEN 250 CC 2020-2023 Husquvarna SVARTPILEN 401 CC 2019-2023 Husquvarna ENDURO 701 [&hellip;]<\/p>\n","protected":false},"featured_media":812,"template":"","meta":[],"product_brand":[],"product_cat":[71,34],"product_tag":[],"class_list":{"0":"post-811","1":"product","2":"type-product","3":"status-publish","4":"has-post-thumbnail","6":"product_cat-yag-filtresi","7":"product_cat-yedek-parca","9":"first","10":"instock","11":"shipping-taxable","12":"purchasable","13":"product-type-simple"},"_links":{"self":[{"href":"https:\/\/dclleather.com\/index.php\/wp-json\/wp\/v2\/product\/811","targetHints":{"allow":["GET"]}}],"collection":[{"href":"https:\/\/dclleather.com\/index.php\/wp-json\/wp\/v2\/product"}],"about":[{"href":"https:\/\/dclleather.com\/index.php\/wp-json\/wp\/v2\/types\/product"}],"wp:featuredmedia":[{"embeddable":true,"href":"https:\/\/dclleather.com\/index.php\/wp-json\/wp\/v2\/media\/812"}],"wp:attachment":[{"href":"https:\/\/dclleather.com\/index.php\/wp-json\/wp\/v2\/media?parent=811"}],"wp:term":[{"taxonomy":"product_brand","embeddable":true,"href":"https:\/\/dclleather.com\/index.php\/wp-json\/wp\/v2\/product_brand?post=811"},{"taxonomy":"product_cat","embeddable":true,"href":"https:\/\/dclleather.com\/index.php\/wp-json\/wp\/v2\/product_cat?post=811"},{"taxonomy":"product_tag","embeddable":true,"href":"https:\/\/dclleather.com\/index.php\/wp-json\/wp\/v2\/product_tag?post=811"}],"curies":[{"name":"wp","href":"https:\/\/api.w.org\/{rel}","templated":true}]}}