{"id":778,"date":"2025-12-05T16:26:42","date_gmt":"2025-12-05T16:26:42","guid":{"rendered":"https:\/\/dclleather.com\/?post_type=product&#038;p=778"},"modified":"2025-12-07T11:36:58","modified_gmt":"2025-12-07T11:36:58","slug":"on-fren-disk-balatasi-bs101-organik-rks-freccia-125","status":"publish","type":"product","link":"https:\/\/dclleather.com\/index.php\/product\/on-fren-disk-balatasi-bs101-organik-rks-freccia-125\/","title":{"rendered":"\u00d6N FREN D\u0130SK BALATASI [BS101] ORGAN\u0130K &#8211; RKS FRECC\u0130A 125"},"content":{"rendered":"<h3>Uyumlu Ara\u00e7lar<\/h3>\n<div class=\"table-responsive\">\n<table class=\"compatibility-table\">\n<thead>\n<tr>\n<th>Marka<\/th>\n<th>Model<\/th>\n<th>Motor Hacmi<\/th>\n<th>Y\u0131l<\/th>\n<\/tr>\n<\/thead>\n<tbody>\n<tr>\n<td>Rks<\/td>\n<td>FRECCIA<\/td>\n<td>125 CC<\/td>\n<td>2022-2024<\/td>\n<\/tr>\n<\/tbody>\n<\/table>\n<\/div>\n","protected":false},"excerpt":{"rendered":"<h3>RKS FRECC\u0130A 125 \u00d6n Fren Balatas\u0131<\/h3>\n","protected":false},"featured_media":779,"template":"","meta":[],"product_brand":[],"product_cat":[70,34],"product_tag":[],"class_list":{"0":"post-778","1":"product","2":"type-product","3":"status-publish","4":"has-post-thumbnail","6":"product_cat-balatalar","7":"product_cat-yedek-parca","9":"first","10":"instock","11":"sale","12":"shipping-taxable","13":"purchasable","14":"product-type-simple"},"_links":{"self":[{"href":"https:\/\/dclleather.com\/index.php\/wp-json\/wp\/v2\/product\/778","targetHints":{"allow":["GET"]}}],"collection":[{"href":"https:\/\/dclleather.com\/index.php\/wp-json\/wp\/v2\/product"}],"about":[{"href":"https:\/\/dclleather.com\/index.php\/wp-json\/wp\/v2\/types\/product"}],"wp:featuredmedia":[{"embeddable":true,"href":"https:\/\/dclleather.com\/index.php\/wp-json\/wp\/v2\/media\/779"}],"wp:attachment":[{"href":"https:\/\/dclleather.com\/index.php\/wp-json\/wp\/v2\/media?parent=778"}],"wp:term":[{"taxonomy":"product_brand","embeddable":true,"href":"https:\/\/dclleather.com\/index.php\/wp-json\/wp\/v2\/product_brand?post=778"},{"taxonomy":"product_cat","embeddable":true,"href":"https:\/\/dclleather.com\/index.php\/wp-json\/wp\/v2\/product_cat?post=778"},{"taxonomy":"product_tag","embeddable":true,"href":"https:\/\/dclleather.com\/index.php\/wp-json\/wp\/v2\/product_tag?post=778"}],"curies":[{"name":"wp","href":"https:\/\/api.w.org\/{rel}","templated":true}]}}