{"id":768,"date":"2025-12-05T15:24:45","date_gmt":"2025-12-05T15:24:45","guid":{"rendered":"https:\/\/dclleather.com\/?post_type=product&#038;p=768"},"modified":"2025-12-07T11:37:31","modified_gmt":"2025-12-07T11:37:31","slug":"castrol-scooter-4t-motor-yagi-1-10w40-1lt","status":"publish","type":"product","link":"https:\/\/dclleather.com\/index.php\/product\/castrol-scooter-4t-motor-yagi-1-10w40-1lt\/","title":{"rendered":"Castrol Scooter 4t Motor Ya\u011f\u0131 1 10w40 1lt"},"content":{"rendered":"<p>Buileri teknolojiye sahip ve y\u00fcksek kaliteli 4 zamanl\u0131 motosiklet ya\u011f\u0131 h\u0131zl\u0131 akar ve motor i\u00e7indeki s\u00fcrt\u00fcnmeden olu\u015fan kay\u0131plar\u0131 en aza indirir. Gaza dokundu\u011funuz anda m\u00fckemmel ivmelenme ve motorunuzdan maksimum g\u00fc\u00e7 elde etmenizi sa\u011flar.<\/p>\n<p>Benzersiz form\u00fcl\u00fc, egzoz sistemini, zamanla motor performans\u0131n\u0131n d\u00fc\u015fmesine yol a\u00e7abilecek a\u015f\u0131r\u0131 karbon birikintilerinden korur.<\/p>\n","protected":false},"excerpt":{"rendered":"<p>Scootek Teknolojisi ile modern scooter motorlar\u0131 i\u00e7in tasarlanm\u0131\u015f, ileri teknolojili ve \u00fcst\u00fcn kaliteli 4 zamanl\u0131 bir motor ya\u011f\u0131d\u0131r.<\/p>\n","protected":false},"featured_media":769,"template":"","meta":[],"product_brand":[],"product_cat":[69,66],"product_tag":[],"class_list":{"0":"post-768","1":"product","2":"type-product","3":"status-publish","4":"has-post-thumbnail","6":"product_cat-castrol","7":"product_cat-yaglar","9":"first","10":"instock","11":"shipping-taxable","12":"purchasable","13":"product-type-simple"},"_links":{"self":[{"href":"https:\/\/dclleather.com\/index.php\/wp-json\/wp\/v2\/product\/768","targetHints":{"allow":["GET"]}}],"collection":[{"href":"https:\/\/dclleather.com\/index.php\/wp-json\/wp\/v2\/product"}],"about":[{"href":"https:\/\/dclleather.com\/index.php\/wp-json\/wp\/v2\/types\/product"}],"wp:featuredmedia":[{"embeddable":true,"href":"https:\/\/dclleather.com\/index.php\/wp-json\/wp\/v2\/media\/769"}],"wp:attachment":[{"href":"https:\/\/dclleather.com\/index.php\/wp-json\/wp\/v2\/media?parent=768"}],"wp:term":[{"taxonomy":"product_brand","embeddable":true,"href":"https:\/\/dclleather.com\/index.php\/wp-json\/wp\/v2\/product_brand?post=768"},{"taxonomy":"product_cat","embeddable":true,"href":"https:\/\/dclleather.com\/index.php\/wp-json\/wp\/v2\/product_cat?post=768"},{"taxonomy":"product_tag","embeddable":true,"href":"https:\/\/dclleather.com\/index.php\/wp-json\/wp\/v2\/product_tag?post=768"}],"curies":[{"name":"wp","href":"https:\/\/api.w.org\/{rel}","templated":true}]}}