{"id":712,"date":"2025-09-05T10:17:27","date_gmt":"2025-09-05T10:17:27","guid":{"rendered":"https:\/\/dclleather.com\/?post_type=product&#038;p=712"},"modified":"2025-09-05T10:17:27","modified_gmt":"2025-09-05T10:17:27","slug":"yazlik-fileli-erkek-mont","status":"publish","type":"product","link":"https:\/\/dclleather.com\/index.php\/product\/yazlik-fileli-erkek-mont\/","title":{"rendered":"Yazl\u0131k Fileli Erkek Mont"},"content":{"rendered":"<p data-start=\"360\" data-end=\"375\">\u2714 <strong data-start=\"362\" data-end=\"373\">Koruma:<\/strong><\/p>\n<ul data-start=\"376\" data-end=\"702\">\n<li data-start=\"376\" data-end=\"488\">\n<p data-start=\"378\" data-end=\"488\">Omuz ve dirsek b\u00f6lgelerinde <strong data-start=\"406\" data-end=\"477\">CE onayl\u0131, \u0130talyan men\u015feli yumu\u015fak ama y\u00fcksek darbe emici korumalar<\/strong> bulunur.<\/p>\n<\/li>\n<li data-start=\"489\" data-end=\"595\">\n<p data-start=\"491\" data-end=\"595\">S\u0131rt k\u0131sm\u0131nda ise esnek yap\u0131s\u0131yla s\u00fcr\u00fc\u015f rahatl\u0131\u011f\u0131n\u0131 destekleyen <strong data-start=\"555\" data-end=\"583\">yerli \u00fcretim soft koruma<\/strong> yer al\u0131r.<\/p>\n<\/li>\n<li data-start=\"596\" data-end=\"702\">\n<p data-start=\"598\" data-end=\"702\">T\u00fcm korumalar, s\u00fcr\u00fc\u015f s\u0131ras\u0131nda maksimum rahatl\u0131k sa\u011flarken, ihtiya\u00e7 an\u0131nda g\u00fcvenilir bir koruma sunar.<\/p>\n<\/li>\n<\/ul>\n<p data-start=\"704\" data-end=\"729\">\u2714 <strong data-start=\"706\" data-end=\"727\">Konfor &amp; Tasar\u0131m:<\/strong><\/p>\n<ul data-start=\"730\" data-end=\"1010\">\n<li data-start=\"730\" data-end=\"842\">\n<p data-start=\"732\" data-end=\"842\">\u00d6zel file panelleri sayesinde <strong data-start=\"762\" data-end=\"793\">hava ge\u00e7irgenli\u011fi y\u00fcksektir<\/strong>, terletmez ve ferah bir s\u00fcr\u00fc\u015f deneyimi sa\u011flar.<\/p>\n<\/li>\n<li data-start=\"843\" data-end=\"941\">\n<p data-start=\"845\" data-end=\"941\">Hafif yap\u0131s\u0131 ve ergonomik kesimi, uzun yol ve \u015fehir i\u00e7i s\u00fcr\u00fc\u015flerde konforu \u00fcst seviyeye ta\u015f\u0131r.<\/p>\n<\/li>\n<li data-start=\"942\" data-end=\"1010\">\n<p data-start=\"944\" data-end=\"1010\">Modern ve sportif tasar\u0131m\u0131yla <strong data-start=\"974\" data-end=\"1007\">\u015f\u0131kl\u0131\u011f\u0131 g\u00fcvenlikle bulu\u015fturur<\/strong>.<\/p>\n<\/li>\n<\/ul>\n<p>&nbsp;<\/p>\n<p>DOT Cycle mont, motosiklet tutkunlar\u0131 i\u00e7in yaz aylar\u0131n\u0131n vazge\u00e7ilmez ekipmanlar\u0131ndan biri olacak.<\/p>\n","protected":false},"excerpt":{"rendered":"<p>Yerli \u00fcretim yazl\u0131k motosiklet montu, s\u0131cak havalarda hem <strong data-start=\"281\" data-end=\"291\">konfor<\/strong>u hem de <strong data-start=\"300\" data-end=\"312\">g\u00fcvenl\u011fi<\/strong>\u00a0\u00f6n planda tutan s\u00fcr\u00fcc\u00fcler i\u00e7in tasarland\u0131.<\/p>\n","protected":false},"featured_media":718,"template":"","meta":[],"product_brand":[],"product_cat":[45,26,28],"product_tag":[],"class_list":{"0":"post-712","1":"product","2":"type-product","3":"status-publish","4":"has-post-thumbnail","6":"product_cat-giyim","7":"product_cat-erkek","8":"product_cat-mont","10":"first","11":"instock","12":"shipping-taxable","13":"purchasable","14":"product-type-variable"},"_links":{"self":[{"href":"https:\/\/dclleather.com\/index.php\/wp-json\/wp\/v2\/product\/712","targetHints":{"allow":["GET"]}}],"collection":[{"href":"https:\/\/dclleather.com\/index.php\/wp-json\/wp\/v2\/product"}],"about":[{"href":"https:\/\/dclleather.com\/index.php\/wp-json\/wp\/v2\/types\/product"}],"wp:featuredmedia":[{"embeddable":true,"href":"https:\/\/dclleather.com\/index.php\/wp-json\/wp\/v2\/media\/718"}],"wp:attachment":[{"href":"https:\/\/dclleather.com\/index.php\/wp-json\/wp\/v2\/media?parent=712"}],"wp:term":[{"taxonomy":"product_brand","embeddable":true,"href":"https:\/\/dclleather.com\/index.php\/wp-json\/wp\/v2\/product_brand?post=712"},{"taxonomy":"product_cat","embeddable":true,"href":"https:\/\/dclleather.com\/index.php\/wp-json\/wp\/v2\/product_cat?post=712"},{"taxonomy":"product_tag","embeddable":true,"href":"https:\/\/dclleather.com\/index.php\/wp-json\/wp\/v2\/product_tag?post=712"}],"curies":[{"name":"wp","href":"https:\/\/api.w.org\/{rel}","templated":true}]}}