{"id":447,"date":"2025-09-01T13:21:30","date_gmt":"2025-09-01T13:21:30","guid":{"rendered":"https:\/\/dclleather.com\/?post_type=product&#038;p=447"},"modified":"2025-09-01T13:33:19","modified_gmt":"2025-09-01T13:33:19","slug":"chopper-deri-heybe-yan-canta-takimi-ikili-motosiklet-cantasi","status":"publish","type":"product","link":"https:\/\/dclleather.com\/index.php\/product\/chopper-deri-heybe-yan-canta-takimi-ikili-motosiklet-cantasi\/","title":{"rendered":"Chopper Deri Heybe Yan \u00c7anta Tak\u0131m\u0131 | \u0130kili Motosiklet \u00c7antas\u0131"},"content":{"rendered":"<p>Motosiklet tutkunlar\u0131 i\u00e7in \u00f6zel olarak tasarlanan Chopper Deri Heybe Yan \u00c7anta Tak\u0131m\u0131, \u015f\u0131kl\u0131\u011f\u0131 ve i\u015flevselli\u011fi bir arada sunar.<\/p>\n<p>Dayan\u0131kl\u0131 deri malzemeden \u00fcretilmi\u015f olup, uzun \u00f6m\u00fcrl\u00fc kullan\u0131m sa\u011flar.<\/p>\n<p>\u015e\u0131k per\u00e7in detaylar\u0131 ve metal tokalar\u0131yla klasik chopper tarz\u0131n\u0131 yans\u0131t\u0131r.<\/p>\n<p>Geni\u015f i\u00e7 hacmi sayesinde yolculuklar\u0131n\u0131zda ihtiyac\u0131n\u0131z olan e\u015fyalar\u0131 g\u00fcvenle ta\u015f\u0131yabilirsiniz.<\/p>\n<p>Kolay montaj imk\u00e2n\u0131 sunan ikili set, motosikletinizin yan\u0131na estetik bir g\u00f6r\u00fcn\u00fcm katarken, pratikli\u011fiyle s\u00fcr\u00fc\u015f keyfinizi art\u0131r\u0131r.<\/p>\n","protected":false},"excerpt":{"rendered":"<p>Motosiklet tutkunlar\u0131 i\u00e7in \u00f6zel olarak tasarlanan Chopper Deri Heybe Yan \u00c7anta Tak\u0131m\u0131, \u015f\u0131kl\u0131\u011f\u0131 ve i\u015flevselli\u011fi bir arada sunar. Dayan\u0131kl\u0131 deri malzemeden \u00fcretilmi\u015f olup, uzun \u00f6m\u00fcrl\u00fc kullan\u0131m sa\u011flar. \u015e\u0131k per\u00e7in detaylar\u0131 ve metal tokalar\u0131yla klasik chopper tarz\u0131n\u0131 yans\u0131t\u0131r. Geni\u015f i\u00e7 hacmi sayesinde yolculuklar\u0131n\u0131zda ihtiyac\u0131n\u0131z olan e\u015fyalar\u0131 g\u00fcvenle ta\u015f\u0131yabilirsiniz. Kolay montaj imk\u00e2n\u0131 sunan ikili set, motosikletinizin yan\u0131na [&hellip;]<\/p>\n","protected":false},"featured_media":448,"template":"","meta":[],"product_brand":[],"product_cat":[52,51,15],"product_tag":[],"class_list":{"0":"post-447","1":"product","2":"type-product","3":"status-publish","4":"has-post-thumbnail","6":"product_cat-yan-cantalar-deri-cantalar","7":"product_cat-deri-cantalar","8":"product_cat-uncategorized","10":"first","11":"instock","12":"shipping-taxable","13":"purchasable","14":"product-type-simple"},"_links":{"self":[{"href":"https:\/\/dclleather.com\/index.php\/wp-json\/wp\/v2\/product\/447","targetHints":{"allow":["GET"]}}],"collection":[{"href":"https:\/\/dclleather.com\/index.php\/wp-json\/wp\/v2\/product"}],"about":[{"href":"https:\/\/dclleather.com\/index.php\/wp-json\/wp\/v2\/types\/product"}],"wp:featuredmedia":[{"embeddable":true,"href":"https:\/\/dclleather.com\/index.php\/wp-json\/wp\/v2\/media\/448"}],"wp:attachment":[{"href":"https:\/\/dclleather.com\/index.php\/wp-json\/wp\/v2\/media?parent=447"}],"wp:term":[{"taxonomy":"product_brand","embeddable":true,"href":"https:\/\/dclleather.com\/index.php\/wp-json\/wp\/v2\/product_brand?post=447"},{"taxonomy":"product_cat","embeddable":true,"href":"https:\/\/dclleather.com\/index.php\/wp-json\/wp\/v2\/product_cat?post=447"},{"taxonomy":"product_tag","embeddable":true,"href":"https:\/\/dclleather.com\/index.php\/wp-json\/wp\/v2\/product_tag?post=447"}],"curies":[{"name":"wp","href":"https:\/\/api.w.org\/{rel}","templated":true}]}}