{"id":408,"date":"2025-09-01T12:06:48","date_gmt":"2025-09-01T12:06:48","guid":{"rendered":"https:\/\/dclleather.com\/?post_type=product&#038;p=408"},"modified":"2025-09-01T12:06:48","modified_gmt":"2025-09-01T12:06:48","slug":"bacak-cantasi-cift-gozlu","status":"publish","type":"product","link":"https:\/\/dclleather.com\/index.php\/product\/bacak-cantasi-cift-gozlu\/","title":{"rendered":"Bacak \u00c7antas\u0131 \u00c7ift G\u00f6zl\u00fc"},"content":{"rendered":"<p>Ayarlanabilir kay\u0131\u015f,<\/p>\n<p>Fermuarl\u0131 depolama alanlar\u0131<\/p>\n","protected":false},"excerpt":{"rendered":"<p>Ayarlanabilir kay\u0131\u015f, Fermuarl\u0131 depolama alanlar\u0131<\/p>\n","protected":false},"featured_media":409,"template":"","meta":[],"product_brand":[],"product_cat":[47,33,39,46],"product_tag":[],"class_list":{"0":"post-408","1":"product","2":"type-product","3":"status-publish","4":"has-post-thumbnail","6":"product_cat-baak-cantalari","7":"product_cat-aksesuar","8":"product_cat-tekstil-cantalar","9":"product_cat-tekstil-cantalar-aksesuar","11":"first","12":"instock","13":"shipping-taxable","14":"purchasable","15":"product-type-simple"},"_links":{"self":[{"href":"https:\/\/dclleather.com\/index.php\/wp-json\/wp\/v2\/product\/408","targetHints":{"allow":["GET"]}}],"collection":[{"href":"https:\/\/dclleather.com\/index.php\/wp-json\/wp\/v2\/product"}],"about":[{"href":"https:\/\/dclleather.com\/index.php\/wp-json\/wp\/v2\/types\/product"}],"wp:featuredmedia":[{"embeddable":true,"href":"https:\/\/dclleather.com\/index.php\/wp-json\/wp\/v2\/media\/409"}],"wp:attachment":[{"href":"https:\/\/dclleather.com\/index.php\/wp-json\/wp\/v2\/media?parent=408"}],"wp:term":[{"taxonomy":"product_brand","embeddable":true,"href":"https:\/\/dclleather.com\/index.php\/wp-json\/wp\/v2\/product_brand?post=408"},{"taxonomy":"product_cat","embeddable":true,"href":"https:\/\/dclleather.com\/index.php\/wp-json\/wp\/v2\/product_cat?post=408"},{"taxonomy":"product_tag","embeddable":true,"href":"https:\/\/dclleather.com\/index.php\/wp-json\/wp\/v2\/product_tag?post=408"}],"curies":[{"name":"wp","href":"https:\/\/api.w.org\/{rel}","templated":true}]}}