{"id":371,"date":"2025-09-01T11:16:25","date_gmt":"2025-09-01T11:16:25","guid":{"rendered":"https:\/\/dclleather.com\/?post_type=product&#038;p=371"},"modified":"2025-09-01T11:16:25","modified_gmt":"2025-09-01T11:16:25","slug":"motosiklet-plastik-destekli-yan-canta-takimi-2li","status":"publish","type":"product","link":"https:\/\/dclleather.com\/index.php\/product\/motosiklet-plastik-destekli-yan-canta-takimi-2li\/","title":{"rendered":"Motosiklet Plastik Destekli Yan \u00c7anta Tak\u0131m\u0131 2\u2019Li"},"content":{"rendered":"<p dir=\"ltr\"><strong>1900D Impertex Su Ge\u00e7irmez Kuma\u015f:<\/strong><\/p>\n<p dir=\"ltr\">E\u015fyalar\u0131n\u0131z\u0131 her t\u00fcrl\u00fc hava ko\u015fulunda kuru tutar. Su ge\u00e7irmez \u00f6zelli\u011fi sayesinde ya\u011fmur ve su s\u0131\u00e7ramalar\u0131na kar\u015f\u0131 \u00fcst\u00fcn koruma sa\u011flar.<\/p>\n<p dir=\"ltr\"><strong>Esnek ve K\u0131r\u0131lmaz Plastik Destek:<\/strong><\/p>\n<p dir=\"ltr\">\u00c7antan\u0131n i\u00e7 k\u0131sm\u0131, esnek ve k\u0131r\u0131lmaz plastik ile desteklenmi\u015ftir. Bu sayede \u00e7anta formunu korur ve e\u015fyalar\u0131n\u0131z\u0131n g\u00fcvenli bir \u015fekilde ta\u015f\u0131nmas\u0131n\u0131 sa\u011flar.<\/p>\n<p dir=\"ltr\"><strong>Reflektif Bask\u0131lar ve \u015eeritler:<\/strong><\/p>\n<p dir=\"ltr\">Gece s\u00fcr\u00fc\u015flerinde g\u00f6r\u00fcn\u00fcrl\u00fc\u011f\u00fcn\u00fcz\u00fc art\u0131rarak g\u00fcvenli\u011finizi sa\u011flar. \u00d6n\u00fcnde ve arkas\u0131nda bulunan reflektif bask\u0131lar ve \u015feritler sayesinde karanl\u0131kta bile fark edilirsiniz.<\/p>\n<p dir=\"ltr\"><strong>G\u00fcvenli Kapan\u0131\u015f Mekanizmalar\u0131:<\/strong><\/p>\n<p dir=\"ltr\">\u00c7antan\u0131n a\u011f\u0131z k\u0131sm\u0131nda bulunan klipsler ve c\u0131rtlar, e\u015fyalar\u0131n\u0131z\u0131n g\u00fcvenli bir \u015fekilde ta\u015f\u0131nmas\u0131n\u0131 sa\u011flar. Bu mekanizmalar, \u00e7antan\u0131n a\u00e7\u0131lmas\u0131n\u0131 \u00f6nleyerek s\u00fcr\u00fc\u015f s\u0131ras\u0131nda ekstra g\u00fcvenlik sa\u011flar.<\/p>\n","protected":false},"excerpt":{"rendered":"<ul>\n<li dir=\"ltr\" aria-level=\"1\">\n<p dir=\"ltr\" role=\"presentation\">Malzeme: 1900D Impertex Su Ge\u00e7irmez Kuma\u015f<\/p>\n<\/li>\n<li dir=\"ltr\" aria-level=\"1\">\n<p dir=\"ltr\" role=\"presentation\">Renk Se\u00e7enekleri: Siyah<\/p>\n<\/li>\n<li dir=\"ltr\" aria-level=\"1\">\n<p dir=\"ltr\" role=\"presentation\">Boyutlar: 31 cm x 21 cm x 40 cm<\/p>\n<\/li>\n<li dir=\"ltr\" aria-level=\"1\">\n<p dir=\"ltr\" role=\"presentation\">A\u011f\u0131rl\u0131k: 800 gr<\/p>\n<\/li>\n<li dir=\"ltr\" aria-level=\"1\">\n<p dir=\"ltr\" role=\"presentation\">\u0130\u00e7 Hacim: 26,04 litre<\/p>\n<\/li>\n<\/ul>\n","protected":false},"featured_media":372,"template":"","meta":[],"product_brand":[],"product_cat":[33,39,41],"product_tag":[],"class_list":{"0":"post-371","1":"product","2":"type-product","3":"status-publish","4":"has-post-thumbnail","6":"product_cat-aksesuar","7":"product_cat-tekstil-cantalar","8":"product_cat-yan-cantalar","10":"first","11":"instock","12":"shipping-taxable","13":"purchasable","14":"product-type-simple"},"_links":{"self":[{"href":"https:\/\/dclleather.com\/index.php\/wp-json\/wp\/v2\/product\/371","targetHints":{"allow":["GET"]}}],"collection":[{"href":"https:\/\/dclleather.com\/index.php\/wp-json\/wp\/v2\/product"}],"about":[{"href":"https:\/\/dclleather.com\/index.php\/wp-json\/wp\/v2\/types\/product"}],"wp:featuredmedia":[{"embeddable":true,"href":"https:\/\/dclleather.com\/index.php\/wp-json\/wp\/v2\/media\/372"}],"wp:attachment":[{"href":"https:\/\/dclleather.com\/index.php\/wp-json\/wp\/v2\/media?parent=371"}],"wp:term":[{"taxonomy":"product_brand","embeddable":true,"href":"https:\/\/dclleather.com\/index.php\/wp-json\/wp\/v2\/product_brand?post=371"},{"taxonomy":"product_cat","embeddable":true,"href":"https:\/\/dclleather.com\/index.php\/wp-json\/wp\/v2\/product_cat?post=371"},{"taxonomy":"product_tag","embeddable":true,"href":"https:\/\/dclleather.com\/index.php\/wp-json\/wp\/v2\/product_tag?post=371"}],"curies":[{"name":"wp","href":"https:\/\/api.w.org\/{rel}","templated":true}]}}