{"id":211,"date":"2025-08-06T13:45:23","date_gmt":"2025-08-06T13:45:23","guid":{"rendered":"https:\/\/winddemo.com\/dcleather\/?page_id=211"},"modified":"2025-08-18T09:13:51","modified_gmt":"2025-08-18T09:13:51","slug":"aydinlatma-metni","status":"publish","type":"page","link":"https:\/\/dclleather.com\/index.php\/aydinlatma-metni\/","title":{"rendered":"Ayd\u0131nlatma Metni"},"content":{"rendered":"\t\t<div data-elementor-type=\"wp-page\" data-elementor-id=\"211\" class=\"elementor elementor-211\" data-elementor-post-type=\"page\">\n\t\t\t\t<div class=\"elementor-element elementor-element-7476e64b e-flex e-con-boxed e-con e-parent\" data-id=\"7476e64b\" data-element_type=\"container\" data-e-type=\"container\" data-settings=\"{&quot;background_background&quot;:&quot;classic&quot;}\">\n\t\t\t\t\t<div class=\"e-con-inner\">\n\t\t<div class=\"elementor-element elementor-element-3df64517 e-con-full e-flex elementor-invisible e-con e-child\" data-id=\"3df64517\" data-element_type=\"container\" data-e-type=\"container\" data-settings=\"{&quot;animation&quot;:&quot;fadeInLeft&quot;}\">\n\t\t\t\t<div class=\"elementor-element elementor-element-514282d1 elementor-widget elementor-widget-heading\" data-id=\"514282d1\" data-element_type=\"widget\" data-e-type=\"widget\" data-widget_type=\"heading.default\">\n\t\t\t\t\t<h1 class=\"elementor-heading-title elementor-size-default\">Ayd\u0131nlatma Metni<\/h1>\t\t\t\t<\/div>\n\t\t\t\t<\/div>\n\t\t<div class=\"elementor-element elementor-element-2f5cc136 e-con-full e-flex elementor-invisible e-con e-child\" data-id=\"2f5cc136\" data-element_type=\"container\" data-e-type=\"container\" data-settings=\"{&quot;animation&quot;:&quot;fadeInRight&quot;}\">\n\t\t\t\t<\/div>\n\t\t\t\t\t<\/div>\n\t\t\t\t<\/div>\n\t\t<div class=\"elementor-element elementor-element-9d1f176 e-flex e-con-boxed e-con e-parent\" data-id=\"9d1f176\" data-element_type=\"container\" data-e-type=\"container\">\n\t\t\t\t\t<div class=\"e-con-inner\">\n\t\t\t\t<div class=\"elementor-element elementor-element-fd0b563 elementor-widget elementor-widget-text-editor\" data-id=\"fd0b563\" data-element_type=\"widget\" data-e-type=\"widget\" data-widget_type=\"text-editor.default\">\n\t\t\t\t\t\t\t\t\t<p data-start=\"186\" data-end=\"556\">Bu Ayd\u0131nlatma Metni, 6698 say\u0131l\u0131 Ki\u015fisel Verilerin Korunmas\u0131 Kanunu (\u201cKVKK\u201d) kapsam\u0131nda, veri sorumlusu s\u0131fat\u0131yla hareket eden <strong data-start=\"313\" data-end=\"327\">DCL Leather<\/strong> taraf\u0131ndan, ki\u015fisel verilerinizin hangi ama\u00e7larla ve hangi y\u00f6ntemlerle i\u015flendi\u011fini, kimlerle ve hangi ama\u00e7larla payla\u015f\u0131labilece\u011fini, veri sahibi olarak haklar\u0131n\u0131z\u0131 siz de\u011ferli ziyaret\u00e7ilerimize a\u00e7\u0131klamak amac\u0131yla haz\u0131rlanm\u0131\u015ft\u0131r.<\/p><hr data-start=\"558\" data-end=\"561\" \/><h4 data-start=\"563\" data-end=\"585\">1. Veri Sorumlusu<\/h4><p data-start=\"586\" data-end=\"703\">Veri Sorumlusu: <strong data-start=\"602\" data-end=\"616\">DCL Leather<\/strong><br data-start=\"616\" data-end=\"619\" \/>E-posta: <a class=\"cursor-pointer\" rel=\"noopener\" data-start=\"628\" data-end=\"646\">info@dclleather.com<\/a><br data-start=\"646\" data-end=\"649\" \/>Telefon: [Telefon numaras\u0131]<br data-start=\"676\" data-end=\"679\" \/>Adres: [Firma adresiniz]<\/p><hr data-start=\"705\" data-end=\"708\" \/><h4 data-start=\"710\" data-end=\"742\">2. Toplanan Ki\u015fisel Veriler<\/h4><p data-start=\"743\" data-end=\"864\">Web sitemiz \u00fczerinden yap\u0131lan \u00fcyelik, sipari\u015f ve ileti\u015fim i\u015flemleri s\u0131ras\u0131nda a\u015fa\u011f\u0131daki ki\u015fisel verileriniz toplanabilir:<\/p><ul data-start=\"866\" data-end=\"1068\"><li data-start=\"866\" data-end=\"879\"><p data-start=\"868\" data-end=\"879\">Ad, soyad<\/p><\/li><li data-start=\"880\" data-end=\"900\"><p data-start=\"882\" data-end=\"900\">Telefon numaras\u0131<\/p><\/li><li data-start=\"901\" data-end=\"919\"><p data-start=\"903\" data-end=\"919\">E-posta adresi<\/p><\/li><li data-start=\"920\" data-end=\"949\"><p data-start=\"922\" data-end=\"949\">Teslimat ve fatura adresi<\/p><\/li><li data-start=\"950\" data-end=\"963\"><p data-start=\"952\" data-end=\"963\">IP adresi<\/p><\/li><li data-start=\"964\" data-end=\"1022\"><p data-start=\"966\" data-end=\"1022\">\u00d6deme bilgileri (kart verileri sistemimizde saklanmaz)<\/p><\/li><li data-start=\"1023\" data-end=\"1068\"><p data-start=\"1025\" data-end=\"1068\">Kullan\u0131c\u0131 i\u015flem ge\u00e7mi\u015fi ve \u00e7erez verileri<\/p><\/li><\/ul><hr data-start=\"1070\" data-end=\"1073\" \/><h4 data-start=\"1075\" data-end=\"1117\">3. Ki\u015fisel Verilerin \u0130\u015flenme Ama\u00e7lar\u0131<\/h4><p data-start=\"1119\" data-end=\"1180\">Toplanan ki\u015fisel verileriniz a\u015fa\u011f\u0131daki ama\u00e7larla i\u015flenebilir:<\/p><ul data-start=\"1182\" data-end=\"1535\"><li data-start=\"1182\" data-end=\"1227\"><p data-start=\"1184\" data-end=\"1227\">Sipari\u015f ve \u00f6deme s\u00fcre\u00e7lerinin y\u00fcr\u00fct\u00fclmesi<\/p><\/li><li data-start=\"1228\" data-end=\"1270\"><p data-start=\"1230\" data-end=\"1270\">\u00dcyelik i\u015flemlerinin ger\u00e7ekle\u015ftirilmesi<\/p><\/li><li data-start=\"1271\" data-end=\"1341\"><p data-start=\"1273\" data-end=\"1341\">M\u00fc\u015fteri ili\u015fkileri ve sat\u0131\u015f sonras\u0131 destek hizmetlerinin sunulmas\u0131<\/p><\/li><li data-start=\"1342\" data-end=\"1386\"><p data-start=\"1344\" data-end=\"1386\">Yasal y\u00fck\u00fcml\u00fcl\u00fcklerin yerine getirilmesi<\/p><\/li><li data-start=\"1387\" data-end=\"1472\"><p data-start=\"1389\" data-end=\"1472\">Kampanya, promosyon ve bilgilendirme i\u00e7eriklerinin iletilmesi (a\u00e7\u0131k r\u0131za halinde)<\/p><\/li><li data-start=\"1473\" data-end=\"1535\"><p data-start=\"1475\" data-end=\"1535\">Web sitesi deneyiminin iyile\u015ftirilmesi ve analiz yap\u0131lmas\u0131<\/p><\/li><\/ul><hr data-start=\"1537\" data-end=\"1540\" \/><h4 data-start=\"1542\" data-end=\"1579\">4. Ki\u015fisel Verilerin Aktar\u0131lmas\u0131<\/h4><p data-start=\"1581\" data-end=\"1699\">Ki\u015fisel verileriniz, yukar\u0131da belirtilen ama\u00e7larla ve KVKK\u2019ya uygun \u015fekilde a\u015fa\u011f\u0131daki ki\u015fi ve kurumlara aktar\u0131labilir:<\/p><ul data-start=\"1701\" data-end=\"1879\"><li data-start=\"1701\" data-end=\"1732\"><p data-start=\"1703\" data-end=\"1732\">Lojistik ve kargo firmalar\u0131<\/p><\/li><li data-start=\"1733\" data-end=\"1773\"><p data-start=\"1735\" data-end=\"1773\">\u00d6deme ve banka altyap\u0131 sa\u011flay\u0131c\u0131lar\u0131<\/p><\/li><li data-start=\"1774\" data-end=\"1822\"><p data-start=\"1776\" data-end=\"1822\">Hizmet al\u0131nan yaz\u0131l\u0131m ve teknoloji firmalar\u0131<\/p><\/li><li data-start=\"1823\" data-end=\"1879\"><p data-start=\"1825\" data-end=\"1879\">Yasal zorunluluklar kapsam\u0131nda ilgili kamu kurumlar\u0131<\/p><\/li><\/ul><hr data-start=\"1881\" data-end=\"1884\" \/><h4 data-start=\"1886\" data-end=\"1928\">5. Ki\u015fisel Verilerin Toplanma Y\u00f6ntemi<\/h4><p data-start=\"1930\" data-end=\"2126\">Ki\u015fisel verileriniz, web sitemiz \u00fczerinden; \u00fcyelik formu, sipari\u015f i\u015flemleri, ileti\u015fim formlar\u0131, \u00e7erezler ve m\u00fc\u015fteri hizmetleri arac\u0131l\u0131\u011f\u0131yla <strong data-start=\"2070\" data-end=\"2110\">otomatik veya yar\u0131 otomatik yollarla<\/strong> toplanmaktad\u0131r.<\/p><hr data-start=\"2128\" data-end=\"2131\" \/><h4 data-start=\"2133\" data-end=\"2169\">6. KVKK Kapsam\u0131ndaki Haklar\u0131n\u0131z<\/h4><p data-start=\"2171\" data-end=\"2230\">KVKK\u2019n\u0131n 11. maddesi uyar\u0131nca a\u015fa\u011f\u0131daki haklara sahipsiniz:<\/p><ul data-start=\"2232\" data-end=\"2864\"><li data-start=\"2232\" data-end=\"2283\"><p data-start=\"2234\" data-end=\"2283\">Ki\u015fisel verinizin i\u015flenip i\u015flenmedi\u011fini \u00f6\u011frenme<\/p><\/li><li data-start=\"2284\" data-end=\"2328\"><p data-start=\"2286\" data-end=\"2328\">\u0130\u015flenmi\u015fse buna ili\u015fkin bilgi talep etme<\/p><\/li><li data-start=\"2329\" data-end=\"2398\"><p data-start=\"2331\" data-end=\"2398\">\u0130\u015fleme amac\u0131n\u0131 ve amaca uygun kullan\u0131l\u0131p kullan\u0131lmad\u0131\u011f\u0131n\u0131 \u00f6\u011frenme<\/p><\/li><li data-start=\"2399\" data-end=\"2466\"><p data-start=\"2401\" data-end=\"2466\">Yurt i\u00e7inde veya yurt d\u0131\u015f\u0131nda aktar\u0131ld\u0131\u011f\u0131 \u00fc\u00e7\u00fcnc\u00fc ki\u015fileri bilme<\/p><\/li><li data-start=\"2467\" data-end=\"2521\"><p data-start=\"2469\" data-end=\"2521\">Eksik veya yanl\u0131\u015f i\u015flenmi\u015fse d\u00fczeltilmesini isteme<\/p><\/li><li data-start=\"2522\" data-end=\"2603\"><p data-start=\"2524\" data-end=\"2603\">KVKK\u2019da \u00f6ng\u00f6r\u00fclen \u015fartlar \u00e7er\u00e7evesinde silinmesini veya yok edilmesini isteme<\/p><\/li><li data-start=\"2604\" data-end=\"2657\"><p data-start=\"2606\" data-end=\"2657\">Aktar\u0131ld\u0131\u011f\u0131 \u00fc\u00e7\u00fcnc\u00fc ki\u015filere bildirilmesini isteme<\/p><\/li><li data-start=\"2658\" data-end=\"2757\"><p data-start=\"2660\" data-end=\"2757\">M\u00fcnhas\u0131ran otomatik sistemler ile analiz edilmesi sonucunda aleyhe \u00e7\u0131kan bir sonuca itiraz etme<\/p><\/li><li data-start=\"2758\" data-end=\"2864\"><p data-start=\"2760\" data-end=\"2864\">Kanuna ayk\u0131r\u0131 olarak i\u015flenmesi sebebiyle zarara u\u011framan\u0131z h\u00e2linde zarar\u0131n\u0131z\u0131n giderilmesini talep etme<\/p><\/li><\/ul><p data-start=\"2866\" data-end=\"2963\">Bu haklar\u0131n\u0131z\u0131 kullanmak i\u00e7in bizimle <strong data-start=\"2904\" data-end=\"2926\"><a class=\"cursor-pointer\" rel=\"noopener\" data-start=\"2906\" data-end=\"2924\">info@dclleather.com<\/a><\/strong> adresinden ileti\u015fime ge\u00e7ebilirsiniz.<\/p><hr data-start=\"2965\" data-end=\"2968\" \/><h4 data-start=\"2970\" data-end=\"2991\">7. G\u00fcncellemeler<\/h4><p data-start=\"2993\" data-end=\"3135\">DCL Leather, i\u015fbu Ayd\u0131nlatma Metni\u2019nde gerekli g\u00f6rd\u00fc\u011f\u00fc takdirde g\u00fcncellemeler yapabilir. G\u00fcncel metne her zaman web sitemizden ula\u015fabilirsiniz.<\/p>\t\t\t\t\t\t\t\t<\/div>\n\t\t\t\t\t<\/div>\n\t\t\t\t<\/div>\n\t\t\t\t<\/div>\n\t\t","protected":false},"excerpt":{"rendered":"<p>Bu Ayd\u0131nlatma Metni, 6698 say\u0131l\u0131 Ki\u015fisel Verilerin Korunmas\u0131 Kanunu (\u201cKVKK\u201d) kapsam\u0131nda, veri sorumlusu s\u0131fat\u0131yla hareket eden DCL Leather taraf\u0131ndan, ki\u015fisel verilerinizin hangi ama\u00e7larla ve hangi y\u00f6ntemlerle i\u015flendi\u011fini, kimlerle ve hangi ama\u00e7larla payla\u015f\u0131labilece\u011fini, veri sahibi olarak haklar\u0131n\u0131z\u0131 siz de\u011ferli ziyaret\u00e7ilerimize a\u00e7\u0131klamak amac\u0131yla haz\u0131rlanm\u0131\u015ft\u0131r. 1. Veri Sorumlusu Veri Sorumlusu: DCL LeatherE-posta: info@dclleather.comTelefon: [Telefon numaras\u0131]Adres: [Firma adresiniz] 2. [&hellip;]<\/p>\n","protected":false},"author":1,"featured_media":0,"parent":0,"menu_order":0,"comment_status":"closed","ping_status":"closed","template":"elementor_header_footer","meta":{"footnotes":""},"class_list":["post-211","page","type-page","status-publish","hentry"],"_links":{"self":[{"href":"https:\/\/dclleather.com\/index.php\/wp-json\/wp\/v2\/pages\/211","targetHints":{"allow":["GET"]}}],"collection":[{"href":"https:\/\/dclleather.com\/index.php\/wp-json\/wp\/v2\/pages"}],"about":[{"href":"https:\/\/dclleather.com\/index.php\/wp-json\/wp\/v2\/types\/page"}],"author":[{"embeddable":true,"href":"https:\/\/dclleather.com\/index.php\/wp-json\/wp\/v2\/users\/1"}],"replies":[{"embeddable":true,"href":"https:\/\/dclleather.com\/index.php\/wp-json\/wp\/v2\/comments?post=211"}],"version-history":[{"count":0,"href":"https:\/\/dclleather.com\/index.php\/wp-json\/wp\/v2\/pages\/211\/revisions"}],"wp:attachment":[{"href":"https:\/\/dclleather.com\/index.php\/wp-json\/wp\/v2\/media?parent=211"}],"curies":[{"name":"wp","href":"https:\/\/api.w.org\/{rel}","templated":true}]}}