{"id":193,"date":"2025-08-06T13:26:12","date_gmt":"2025-08-06T13:26:12","guid":{"rendered":"https:\/\/winddemo.com\/dcleather\/?page_id=193"},"modified":"2025-08-18T09:09:46","modified_gmt":"2025-08-18T09:09:46","slug":"hakkimizda","status":"publish","type":"page","link":"https:\/\/dclleather.com\/index.php\/hakkimizda\/","title":{"rendered":"Hakk\u0131m\u0131zda"},"content":{"rendered":"\t\t<div data-elementor-type=\"wp-page\" data-elementor-id=\"193\" class=\"elementor elementor-193\" data-elementor-post-type=\"page\">\n\t\t\t\t<div class=\"elementor-element elementor-element-7476e64b e-flex e-con-boxed e-con e-parent\" data-id=\"7476e64b\" data-element_type=\"container\" data-e-type=\"container\" data-settings=\"{&quot;background_background&quot;:&quot;classic&quot;}\">\n\t\t\t\t\t<div class=\"e-con-inner\">\n\t\t<div class=\"elementor-element elementor-element-3df64517 e-con-full e-flex elementor-invisible e-con e-child\" data-id=\"3df64517\" data-element_type=\"container\" data-e-type=\"container\" data-settings=\"{&quot;animation&quot;:&quot;fadeInLeft&quot;}\">\n\t\t\t\t<div class=\"elementor-element elementor-element-514282d1 elementor-widget elementor-widget-heading\" data-id=\"514282d1\" data-element_type=\"widget\" data-e-type=\"widget\" data-widget_type=\"heading.default\">\n\t\t\t\t\t<h1 class=\"elementor-heading-title elementor-size-default\">Hakk\u0131m\u0131zda<\/h1>\t\t\t\t<\/div>\n\t\t\t\t<\/div>\n\t\t<div class=\"elementor-element elementor-element-2f5cc136 e-con-full e-flex elementor-invisible e-con e-child\" data-id=\"2f5cc136\" data-element_type=\"container\" data-e-type=\"container\" data-settings=\"{&quot;animation&quot;:&quot;fadeInRight&quot;}\">\n\t\t\t\t<\/div>\n\t\t\t\t\t<\/div>\n\t\t\t\t<\/div>\n\t\t<div class=\"elementor-element elementor-element-9d1f176 e-flex e-con-boxed e-con e-parent\" data-id=\"9d1f176\" data-element_type=\"container\" data-e-type=\"container\">\n\t\t\t\t\t<div class=\"e-con-inner\">\n\t\t\t\t<div class=\"elementor-element elementor-element-b32ed01 elementor-widget elementor-widget-image\" data-id=\"b32ed01\" data-element_type=\"widget\" data-e-type=\"widget\" data-widget_type=\"image.default\">\n\t\t\t\t\t\t\t\t\t\t\t\t\t\t\t<img decoding=\"async\" src=\"https:\/\/dclleather.com\/wp-content\/uploads\/elementor\/thumbs\/hakk-ra58eqtpmahw2dh4pzsq9ay5nmdhvrcryftpacv71g.jpg\" title=\"hakk\" alt=\"hakk\" loading=\"lazy\" \/>\t\t\t\t\t\t\t\t\t\t\t\t\t\t\t<\/div>\n\t\t\t\t<div class=\"elementor-element elementor-element-fd0b563 elementor-widget elementor-widget-text-editor\" data-id=\"fd0b563\" data-element_type=\"widget\" data-e-type=\"widget\" data-widget_type=\"text-editor.default\">\n\t\t\t\t\t\t\t\t\t<p data-start=\"118\" data-end=\"460\"><strong data-start=\"118\" data-end=\"132\">DCL Leather<\/strong>, motosiklet tutkusunu ileri d\u00fczey g\u00fcvenlik, kalite ve stil ile birle\u015ftirerek kullan\u0131c\u0131lar\u0131na y\u00fcksek standartlarda ekipman ve aksesuarlar sunmak amac\u0131yla kurulmu\u015ftur. Markam\u0131z\u0131n temelinde; yolculu\u011fun sadece bir yerden bir yere ula\u015fmak de\u011fil, ayn\u0131 zamanda bir ya\u015fam tarz\u0131, bir tutku ve bir ifade bi\u00e7imi oldu\u011fu inanc\u0131 yatmaktad\u0131r.<\/p><p data-start=\"462\" data-end=\"803\">Motosiklet ekipmanlar\u0131 sekt\u00f6r\u00fcnde edindi\u011fimiz tecr\u00fcbe ile, s\u00fcr\u00fcc\u00fclerin ger\u00e7ek ihtiya\u00e7lar\u0131n\u0131 analiz ediyor; hem g\u00fcnl\u00fck kullan\u0131ma hem de uzun yolculuklara uygun \u00e7\u00f6z\u00fcmler geli\u015ftiriyoruz. DCL Leather olarak; fonksiyonel, konforlu ve \u015f\u0131k \u00fcr\u00fcnlerimizle motosiklet kullan\u0131c\u0131lar\u0131n\u0131n t\u00fcm beklentilerini kar\u015f\u0131layan bir marka olman\u0131n gururunu ya\u015f\u0131yoruz.<\/p><p data-start=\"805\" data-end=\"1151\">Portf\u00f6y\u00fcm\u00fczde yer alan deri ceketler, korumal\u0131 montlar, kasklar, eldivenler, pantolonlar, botlar ve di\u011fer aksesuarlar; kalite kontrol s\u00fcre\u00e7lerinden ge\u00e7irilerek, dayan\u0131kl\u0131l\u0131k ve g\u00fcvenlik a\u00e7\u0131s\u0131ndan en \u00fcst seviyede olacak \u015fekilde se\u00e7ilmektedir. \u00dcr\u00fcn gam\u0131m\u0131zda hem profesyonel s\u00fcr\u00fcc\u00fcler hem de \u015fehir i\u00e7i kullan\u0131c\u0131lar i\u00e7in \u00f6zel se\u00e7enekler sunmaktay\u0131z.<\/p><p data-start=\"1153\" data-end=\"1510\">Sadece \u00fcr\u00fcn kalitesi ile de\u011fil, <strong data-start=\"1185\" data-end=\"1234\">m\u00fc\u015fteri memnuniyeti odakl\u0131 hizmet anlay\u0131\u015f\u0131m\u0131z<\/strong> ile de sekt\u00f6rde fark yarat\u0131yoruz. H\u0131zl\u0131 kargo, g\u00fcvenli \u00f6deme altyap\u0131s\u0131 (3D Secure) ve kullan\u0131c\u0131 dostu sipari\u015f takip sistemimiz sayesinde al\u0131\u015fveri\u015f deneyiminizi sorunsuz hale getiriyoruz. Sat\u0131\u015f sonras\u0131 destek ve ileti\u015fim kanallar\u0131m\u0131zla daima yan\u0131n\u0131zda olmay\u0131 taahh\u00fct ediyoruz.<\/p><p data-start=\"1512\" data-end=\"1699\">Kurumsal vizyonumuz, her s\u00fcr\u00fcc\u00fcn\u00fcn kendini g\u00fcvende, \u00f6zg\u00fcr ve \u00f6zel hissetmesini sa\u011flamak; misyonumuz ise kaliteli \u00fcr\u00fcnleri eri\u015filebilir k\u0131larken, sekt\u00f6rde \u00f6nc\u00fc ve \u00f6rnek bir marka olmakt\u0131r.<\/p><p data-start=\"1701\" data-end=\"1915\"><strong data-start=\"1701\" data-end=\"1715\">DCL Leather<\/strong>, motosiklet d\u00fcnyas\u0131na tutkuyla ba\u011fl\u0131 herkes i\u00e7in bir al\u0131\u015fveri\u015f platformundan \u00e7ok daha fazlas\u0131d\u0131r. Bizi tercih eden her m\u00fc\u015fterimizle birlikte b\u00fcy\u00fcyor, geli\u015fiyor ve daha iyiye ula\u015fmak i\u00e7in \u00e7al\u0131\u015f\u0131yoruz.<\/p>\t\t\t\t\t\t\t\t<\/div>\n\t\t\t\t\t<\/div>\n\t\t\t\t<\/div>\n\t\t\t\t<\/div>\n\t\t","protected":false},"excerpt":{"rendered":"<p>DCL Leather, motosiklet tutkusunu ileri d\u00fczey g\u00fcvenlik, kalite ve stil ile birle\u015ftirerek kullan\u0131c\u0131lar\u0131na y\u00fcksek standartlarda ekipman ve aksesuarlar sunmak amac\u0131yla kurulmu\u015ftur. Markam\u0131z\u0131n temelinde; yolculu\u011fun sadece bir yerden bir yere ula\u015fmak de\u011fil, ayn\u0131 zamanda bir ya\u015fam tarz\u0131, bir tutku ve bir ifade bi\u00e7imi oldu\u011fu inanc\u0131 yatmaktad\u0131r. Motosiklet ekipmanlar\u0131 sekt\u00f6r\u00fcnde edindi\u011fimiz tecr\u00fcbe ile, s\u00fcr\u00fcc\u00fclerin ger\u00e7ek ihtiya\u00e7lar\u0131n\u0131 analiz [&hellip;]<\/p>\n","protected":false},"author":1,"featured_media":0,"parent":0,"menu_order":0,"comment_status":"closed","ping_status":"closed","template":"elementor_header_footer","meta":{"footnotes":""},"class_list":["post-193","page","type-page","status-publish","hentry"],"_links":{"self":[{"href":"https:\/\/dclleather.com\/index.php\/wp-json\/wp\/v2\/pages\/193","targetHints":{"allow":["GET"]}}],"collection":[{"href":"https:\/\/dclleather.com\/index.php\/wp-json\/wp\/v2\/pages"}],"about":[{"href":"https:\/\/dclleather.com\/index.php\/wp-json\/wp\/v2\/types\/page"}],"author":[{"embeddable":true,"href":"https:\/\/dclleather.com\/index.php\/wp-json\/wp\/v2\/users\/1"}],"replies":[{"embeddable":true,"href":"https:\/\/dclleather.com\/index.php\/wp-json\/wp\/v2\/comments?post=193"}],"version-history":[{"count":0,"href":"https:\/\/dclleather.com\/index.php\/wp-json\/wp\/v2\/pages\/193\/revisions"}],"wp:attachment":[{"href":"https:\/\/dclleather.com\/index.php\/wp-json\/wp\/v2\/media?parent=193"}],"curies":[{"name":"wp","href":"https:\/\/api.w.org\/{rel}","templated":true}]}}